- ((2 - 28) + 4). Suppose -8*h + r = -5*h. Suppose 11*s - 2335 = h*s. Is s a prime number?
True
Let w(z) = 4*z + 15. Let f be w(-4). Let d = 4 + f. Is d prime?
True
Let w = -384 - -1. Let t = w + 882. Is t a composite number?
False
Let a(c) = 13*c**3 - 22*c**2 - 20*c + 31. Is a(16) prime?
False
Suppose -2*m + 72 = -8*m. Let g(k) = 3*k**2 + 3*k + 11. Is g(m) a composite number?
True
Let v be (-21)/(-9) + 2/3. Suppose 964 + 224 = v*o. Is (23/3)/(12/o) a prime number?
False
Suppose 0 = 8*i - 59 + 99. Is 6/10 + 0 - 9142/i prime?
False
Suppose -5*c + 30 = 2*h, 2*c - 3*c = -5*h + 21. Suppose -6*s = -h*s. Is s + 117 - (-3 - -2) composite?
True
Suppose -160074 = -10*g - 5584. Is g a composite number?
True
Let y(p) = -2*p**2 - 2. Let x be y(-2). Let q(j) = j - 1. Let l(o) = -57*o - 8. Let r(a) = l(a) + 3*q(a). Is r(x) composite?
True
Suppose 0 = 28*b - 47829 + 9721. Is b a composite number?
False
Let j(n) = -n + 15. Let i be j(13). Is (1117/i)/((-3)/(-6)) prime?
True
Let h = 56 + -48. Is (-3)/((-6)/h)*153/12 composite?
True
Let y(h) = -21*h**2 - 9*h + 1. Let u be y(2). Let s = u - -834. Is s a composite number?
False
Suppose 5*i + 19 = -z, 3*z + 5*i + 18 = z. Suppose -3 = -u + z. Suppose 0 = -3*n + c + 343, -u*n = 5*c + 156 - 588. Is n a prime number?
True
Let f = 26 + -22. Suppose 920 = 5*r - 4*r + 3*j, -j = f*r - 3647. Is r composite?
False
Suppose 8*a - 56632 + 18696 = 0. Is a a composite number?
True
Let a = 50 + -28. Is (8/6)/(a/9669) a composite number?
True
Suppose m + f = -4*m + 53909, 3*f + 10769 = m. Is m a prime number?
True
Let z(x) = 985*x + 3. Let t be z(4). Let d = -720 + t. Is d a composite number?
True
Suppose -7*c + 3*c = 8, n = -2*c + 133. Suppose 4*o - n = 747. Is o composite?
True
Let l = -4771 - -7164. Is l a composite number?
False
Suppose 0 = -5*a + 4*a + 2. Suppose 4*w = 0, 2530 = 4*s + a*w + 358. Is s prime?
False
Let x(s) = 17*s + 4. Let r be x(3). Suppose 2*i - 83 - r = 0. Suppose -b + 2*b + w = i, -5*w + 77 = b. Is b prime?
True
Let t = -24 + 140. Let x = 367 - t. Is x a prime number?
True
Let r = 36 + -32. Is (r + 16/(-3))*1506/(-4) a prime number?
False
Let g(v) = -1813*v + 339. Is g(-20) prime?
True
Let i(z) = -z + 1. Let r = 11 + -9. Let n be i(r). Is n/(-3) + 1162/6 a prime number?
False
Let d be -4 - -1*(-1 - -2). Is (0 + d - 74*7)*-1 a prime number?
True
Let f(k) = 3*k**3 - 12*k**2 - 7*k + 17. Let d be f(7). Let q = 1158 + d. Is q a prime number?
True
Let s(o) = -496*o**3 + 1. Let y(f) = f**3 + f**2 - 7*f - 4. Let w be y(-3). Is s(w) a prime number?
False
Is 29985/25 + (-6)/15 a composite number?
True
Let k(j) = j**3 + 5*j**2 - 38*j - 21. Let q be k(-9). Let n(v) = -119*v + 20. Is n(q) composite?
True
Suppose 0 = 4*o + 202 - 58. Let d be 0/(9/(o/8)). Suppose -m + 235 - 44 = d. Is m a prime number?
True
Let u = 30293 - 1932. Is u a composite number?
True
Let q(l) = -14*l**3 - 8*l**2 - 33*l - 31. Is q(-10) a composite number?
False
Suppose 2 = -i + 8. Suppose i = 4*d - l, 4 - 2 = -2*d - 2*l. Is d/6 - (-3651)/18 a prime number?
False
Suppose 5 = y + 2. Suppose y*o + 27 = -12. Is -1 + 1 - (o - 0) prime?
True
Suppose 5*y - 5*s = 12195, -4*y - s + 9756 = -0*s. Suppose -i - y + 7150 = 0. Is i a composite number?
True
Let w = -26507 + 37410. Is w prime?
True
Let y(s) = s**3 - 6*s**2 - 5*s - 8. Let a be y(7). Suppose 0 = a*x - 11675 - 235. Is x a composite number?
True
Let w = -2398 - -4115. Is w composite?
True
Is (-856958)/(-22) - 80/(-220) composite?
False
Let p(x) = x**3 - x + 1. Let k be p(2). Suppose 0 = -5*b + 32 - k. Suppose 109 = b*q - 436. Is q prime?
True
Let t = 100 + 107. Let j = t + -50. Suppose -5*m + j = -388. Is m a prime number?
True
Is 75552/(-32)*1*2/(-6) a prime number?
True
Suppose 3*d - 5805 = -6*d. Let f = 483 + -839. Let m = d + f. Is m composite?
True
Suppose -3071 = 2*t - 17137. Is t a composite number?
True
Let q be -1*(0 + 6/(-2)). Let r(h) = 5*h**3 + 8*h**2 - 7*h + 7. Let d(j) = -9*j**3 - 17*j**2 + 14*j - 14. Let u(g) = q*d(g) + 5*r(g). Is u(-8) composite?
False
Suppose 0 = -4*v - 20, -5*v = 8*d - 12*d + 62741. Is d a composite number?
False
Let p be 0 - ((-3)/(-2) + 7/(-2)). Suppose 0 = 5*g - 3*d - 3382, -2*d + 1358 = p*g + 2*d. Is g a prime number?
True
Is ((-314)/3)/(2/(-33)) a composite number?
True
Let m(c) be the first derivative of 13*c - 1/4*c**4 - 4 - 6*c**2 + 14/3*c**3. Is m(12) a composite number?
False
Suppose 4*u + 4*x - 22396 = 0, 3*u - 2*u = -4*x + 5593. Is u a composite number?
True
Suppose 1048 = -m - 273. Let v = -717 - m. Suppose 0 = x + 3*x + 2*l - v, l + 741 = 5*x. Is x a composite number?
False
Let s = -23542 - -48275. Is s a composite number?
False
Let s(u) = -5510*u - 311. Is s(-6) composite?
False
Is 1429110/210 - (2/7 - 0) prime?
False
Suppose -3*a + 7680 = -243. Let o = 1547 - a. Is (10/5)/((-4)/o) a prime number?
True
Let o be -1752 + 0 + 1 - 3 - 4. Let s be -937*(0 - (-1 + 0)). Let l = s - o. Is l composite?
False
Is (2874725/(-14))/5*4/(-10) a prime number?
True
Let t(c) = -512*c - 63. Is t(-15) a prime number?
False
Let i = -13 + 4. Let p = -6 - i. Is ((-6)/(-8))/(p/156) a prime number?
False
Suppose -1624 + 35 = -p + c, -3*p - 4*c + 4781 = 0. Suppose 5*y - p = -2*r, -2*y + 3*r + 325 = -y. Is y a composite number?
True
Let y = -18694 + 26483. Is y a prime number?
True
Suppose 32 = 5*p - 4*o + 2, 3*o + 11 = -2*p. Suppose -c + p*c + 33 = 0. Let n = 112 + c. Is n a prime number?
True
Let a = 12 + 397. Is a composite?
False
Suppose -l + 4*u = -19, l + 3*l + 4 = -4*u. Suppose 0*s + l*s - 1905 = 0. Is s prime?
False
Suppose 46*k = 45*k + 97. Is k a prime number?
True
Suppose 5*a = u + 8, 4*a - 4 = -2*u + 4*u. Suppose 4*o - 7199 = -5*c, 2*o + 2877 = a*c + o. Is c prime?
True
Suppose -142*b + 128*b = -757414. Is b composite?
False
Suppose 5*x - a = 10, -3*x - 1 + 7 = 4*a. Suppose 3*z - x*z - 95 = 0. Suppose -z = -b - 4*b. Is b a prime number?
True
Let a(g) = -4*g + 19. Let y be a(-9). Suppose 2*f - y = 167. Is f composite?
True
Suppose 0*c - 23*c + 20861 = 0. Is c a composite number?
False
Let x be (6/(-5))/((-6)/15). Suppose 50 = -n + x*n. Is n composite?
True
Let z(j) = -2*j + 0*j**2 + 6*j**2 + 4 + 3 - 4*j**2. Let u be z(-4). Suppose -i - 4*r + u = 0, -5*r + 175 = 5*i - 0*r. Is i a composite number?
False
Suppose 0*a + 25 = 5*a. Let p be 0 + -2 + -1 + a. Suppose -3*m - p*z - 20 = -1203, -4*z - 413 = -m. Is m prime?
True
Suppose 0 = 4*o + 2*t - 174, o + 3*t - 28 = 3. Let a be ((-33)/(-44))/(-2 + (-75)/(-36)). Let w = o - a. Is w composite?
False
Let a(b) = b**2 - 14*b + 48. Let w be a(9). Suppose -v = -4*u - 381, 2*v - 5*u - 756 = -w*u. Is v prime?
False
Let l be (60/21)/(4/14). Is (5/l + 3005/(-2))/(-2) composite?
False
Let x(d) = -178*d - 3. Let f be x(-2). Let m = f - -261. Is m a prime number?
False
Suppose 8*v - v - 8533 = 0. Is v a composite number?
True
Suppose 2*o - 2*q + 46 = 0, 2*o = 3*q - 21 - 30. Is (-24)/o - 3010/(-6) a composite number?
False
Let h = -15 + 17. Let y(n) = 0*n**h + 3 + 5 - 2*n + 4*n**2 + n. Is y(-7) prime?
True
Suppose -18*u + 136745 + 65413 = 0. Is u prime?
False
Suppose -5*g + 253985 = -5*c, 25922 = 2*g + c - 75684. Is g a composite number?
True
Let t = 40704 - 18889. Is t prime?
False
Let o be (-37)/3 - (-11)/33. Let r be (-30)/(-12)*o/(-5). Is (-2)/(r/(-285)) + 2 composite?
False
Let w = -6053 - -10764. Is w prime?
False
Suppose 64*f - 384121 = 33*f. Is f a composite number?
False
Let q = -5 + 39. Let c = q + 257. Is c a composite number?
True
Let w(u) = 355*u + 291. Is w(14) a composite number?
False
Let u be ((-210)/(-24))/(1/(-4)). Is (-31125)/u + 2/(-7) a prime number?
False
Let f be 2/(-4)*(-24 + 14). Suppose 4*i + t - 44 = 0, 0 = -f*i + 9*i + 4*t - 56. Is i a composite number?
True
Let t(l) = 4*l**2 - 3*l + 1. Let r(x) = -9*x**2 + 7*x - 1. Let y(z) = -6*r(z) - 11*t(z). Is y(-6) composite?
False
Let n(v) = 10*v**2 + 3*v - v - v + 12*v**2. Let k be n(2). Let s = 7 + k. Is s a prime number?
True
Let t(l) = -443*l**3 - l**2 + l + 2. Let o(n) = n**3 + 9*n**2 - 2*n - 9. Let q be o(-9). Let f be ((-18)/4)/q*2. Is t(f) a composite number?
False
Let a(c) = -3*c**3 - 46*c**2 - 21*c - 28. Is a(-15) a composite number?
True
Let k(x) = 2*x + 17. Let l be k(-7). Suppose l*p + 3*u - 2542 = p, 5*p - 6377 = -2*u. Is p a prime number?
True
Suppose